.
17
Let g(j) = 2*j - 11. Let c(p) = -4*p + 21. Let w(u) = 2*c(u) + 5*g(u). Suppose 0 = 3*n + 5*f - 10, 3*n + 20 = 4*f + 66. What is w(n)?
7
Suppose k + 2*k + 12 = 0. Let q(m) be the third derivative of m**4/6 + 2514*m**2 - 6. Determine q(k).
-16
Let p(m) be the first derivative of 0*m**2 - 40 + 1/120*m**5 + 0*m + 1/36*m**6 + 20/3*m**3 + 0*m**4. Let g(r) be the third derivative of p(r). What is g(-1)?
9
Let r(b) = -2*b + 20. Suppose 7*p + 7 = 4*p - 4*c, p + 5*c + 17 = 0. Suppose 4*j - 12*k - 23 = -11*k, -p*j - 4*k + 22 = 0. What is r(j)?
8
Let g(j) be the second derivative of -j**4/12 + 4*j**3 + 23*j**2/2 + 6*j + 113. Determine g(24).
23
Let p = -2/2031 - -2710/2031. Let o(r) be the first derivative of -5/2*r**2 - 4*r - p*r**3 - 27 + 1/4*r**4. Determine o(5).
-4
Let b(g) = -8*g**2 - 9*g - 13. Let y(i) = -2*i**2 - 3*i - 5. Let f(s) = -2*b(s) + 7*y(s). What is f(4)?
11
Let y = -196 + 201. Let m(t) = 159*t + 5 - 155*t - 5 + y. Determine m(-4).
-11
Let v(n) be the second derivative of 2*n**3/3 + 19*n**2 + 25*n + 32. Give v(-11).
-6
Let r = 17 - 17. Let h(f) = 37 + 0*f**2 + 53 - 74 - f**2. Determine h(r).
16
Let o(y) = -y**3 + y**2 - 5*y + 4. Suppose 0 = 4*i - 4, -4*k + 7*i - 5*i = -6. Calculate o(k).
-10
Let y(u) = u**3 - 17*u**2 + 50*u + 26. Let b be y(13). Let d(j) = b*j**2 + 7*j + 7 - j**2 - 14*j + 3*j. Give d(-5).
2
Let m(d) = -d**2 + 7*d + 8. Let h(l) = -443*l + 222*l - 94 + 227*l. Let t be h(17). Calculate m(t).
0
Let s(r) be the second derivative of 5*r**4/12 + 3*r**3/2 - 6*r**2 - 1234*r. Give s(-3).
6
Let p = -1992 - -1992. Let c(f) = 4*f + 32. Calculate c(p).
32
Let q(g) be the first derivative of -g**4/2 + 12*g**3 - 76*g**2 - 17*g + 2266. Give q(7).
-3
Let f be (-2)/(4/(-5))*84/105. Let d(y) = -38*y**3 - 5 - 2 + 37*y**3 + 5*y**f + 1 + y. Suppose -3*z = -6*z + 15. What is d(z)?
-1
Let f(j) be the third derivative of j**4/3 - 205*j**3/6 + 344*j**2. Calculate f(25).
-5
Suppose -2*r = 2*j - 22, -2*r - 3 = 3*j - 32. Let l(k) = k**3 - 8*k**2 - 3*k - 8. Determine l(j).
-78
Let b be 34/51 - (-487)/3. Suppose -168*z = -b*z - 20. Let g(m) = -m**3 + 5*m**2 - 3*m - 6. Give g(z).
-2
Let s be -3 - ((-6)/4)/((-144)/(-480)). Let n(u) = -2 + 0*u**3 + 3*u**2 + u - u**3 + 4 - 1. Give n(s).
7
Let g(x) = -x**3 - 6*x**2 + x - 13. Let s be 2640/(-550)*10/(-4). Suppose -6*d + 4*d - 3*j - s = 0, -j + 24 = -4*d. Determine g(d).
-19
Let b(n) be the third derivative of 1/6*n**3 - 1/8*n**4 + 0 - 3*n + 7*n**2. Give b(1).
-2
Let s be -8*6/(-12) + (2 - 10). Let p be (-8)/(1/s*-4). Let h(t) = t - 1. Calculate h(p).
-9
Let f(y) = 96*y**2 + 5*y**3 + 10*y - 6*y**3 - 10 - 56*y**2 - 44*y**2. Give f(-6).
2
Suppose -4*w - 12 = -8. Let k(u) be the first derivative of -u - u**2 + 5/3*u**3 + 6. What is k(w)?
6
Let p(a) be the third derivative of -a**6/720 - a**5/30 + 5*a**4/2 + a**3/3 + a**2 + a. Let d(t) be the second derivative of p(t). Give d(-3).
-1
Suppose 34 + 6 = 5*f. Suppose 13*n = 3*n + 280. Suppose 0 = -6*i + f*i + n. Let b(z) = -z**3 - 14*z**2 - z - 17. Give b(i).
-3
Let n = -130 - -136. Let h = n + 2. Let r(o) = -3*o + 4. What is r(h)?
-20
Suppose y - 3*n = 8, 0 = 2*y - 6*n + 9*n + 2. Let m(q) = -q + 4143 - y*q - 4139. What is m(4)?
-8
Let v(b) = -29*b**2 + 1 - 2 + 30*b**2. Let m be 1 + (-3 + 5 + 3 - 4). Calculate v(m).
3
Let i = 1063 - -5. Let h(w) = -2 + w**2 + i*w + 0*w**2 - 1073*w. Let z be -4*(-3)/36*18. Give h(z).
4
Suppose d - 6 = -3*g - 7, -4*g = -d - 1. Let o(h) = 273*h**3 - 276*h**3 + 1 + g*h**2 - 2*h**2. Determine o(1).
-4
Let t be (13 + -6)/7 - (-1 + -1). Let l(w) = -31*w**3 + 104*w**t - 39*w**3 - 5*w - 5*w**2 - 3 - 33*w**3. Calculate l(6).
3
Let n(g) be the first derivative of 3*g**4/4 - 2*g**3/3 + 5*g - 56. Let v(y) = 4*y**3 - 2*y**2 + 6. Let m(k) = 5*n(k) - 4*v(k). What is m(-2)?
1
Let y(d) = 18 - 18 - 2*d. Suppose 3*r - 13*r - 20 = 0. Let s be 60/28 + (-3)/(-42)*r. Determine y(s).
-4
Let i = 137 + -111. Let p(b) = 19 + b - 39 + i. Calculate p(5).
11
Let h(r) = -3*r - 7. Let z(p) be the second derivative of p**3/3 - p**2/2 + p - 12. Let d(v) = h(v) - z(v). Determine d(-6).
24
Let v(l) be the third derivative of -l**6/120 - l**5/15 - 2*l**3/3 + 5*l**2 + 68. Give v(-3).
-13
Let z(x) = 9*x. Let w(n) = -17*n - 11. Let b be w(-1). Suppose -3*o - b = -0*o. What is z(o)?
-18
Let q(r) = 114*r + 918. Let g be q(-8). Let t(w) = w. Let d(p) = -2*p**2 + 4*p + 7. Let j(o) = d(o) + 6*t(o). Give j(g).
-5
Let v(y) be the first derivative of -3*y**2 - y + 177 + 1/4*y**4 + 0*y**3. Give v(-3).
-10
Let f(p) be the first derivative of p**7/840 + p**6/90 - p**5/20 - 5*p**4/24 + p**3/3 + p - 71. Let l(h) be the third derivative of f(h). What is l(-5)?
0
Let w be (-12)/(-21) - 20/(-14). Let x(h) = -7 - 7 + 19 - 3 - 6*h. Determine x(w).
-10
Let r = -8871 + 8878. Let z(b) = 2*b**3 - 15*b**2 + 5*b - 8. Give z(r).
-22
Let w(o) = -o**3 + 11*o**2 - 12*o + 2. Suppose 5*d = l + 20 - 52, 0 = -3*l + 2*d + 31. What is w(l)?
114
Suppose -4*l + 22 = -2*g, g + g = -l + 3. Suppose 377*q - 375*q - 2 = 0. Suppose p + 4*f = 1, 0*p = p - l*f - q. Let x(i) = 6*i**3 + i**2 - 2*i + 1. Give x(p).
6
Let m(b) = 1122 + 2*b**2 + 1089 - 35*b - 3375 + 1123. Determine m(18).
-23
Let r(z) = -z**3 - 5*z**2 - 5*z + 3. Suppose 2*t + t = -1716. Let b = t + 322. Let k be 2/(-13) - b/(-65). Give r(k).
7
Let p = 308 - 290. Let z be 4/12 - (-6 + 366/p). Let a(r) = r**3 + 13*r**2 - 15*r + 4. What is a(z)?
18
Let q(h) = h**3 + 22*h**2 - 24*h - 8. Suppose -206*l + 902 - 1122 = 4518. Determine q(l).
15
Let v(b) = -b**2 - 4*b - 4. Let i be 146/(-30) - 10/1500*20. Calculate v(i).
-9
Suppose 3*w = 1 + 143. Let c = 36 - w. Let h(i) = 2*i + 19. Let g be h(c). Let n(z) = z**2 + 5*z + 1. Determine n(g).
1
Let f be 8*7/28*3. Let n(l) = f*l**2 - 4 - 7*l**2 - 3092*l + 3090*l. Give n(-6).
-28
Let l(c) be the second derivative of 29*c**3/2 - 437*c**2 - c + 242. Determine l(10).
-4
Let a(o) = -o + 4. Let d(i) = i - 3. Let c(q) = -2*a(q) - 3*d(q). Let k(g) = -339*g - 3718. Let x be k(-11). Determine c(x).
-10
Let y(d) = -d**2 + 15. Suppose -24*z + 21*z - 6 = -p, -3*z + 3*p - 18 = 0. What is y(z)?
15
Let v(j) = 22788 - 18*j + 22811 - 45554. Give v(3).
-9
Let u(w) = 0*w + 9*w + w**2 + 139 - 124. Determine u(-7).
1
Let b(u) = 416*u**2 + 27*u - 80. Let p(n) = 277*n**2 + 19*n - 57. Let o(i) = 5*b(i) - 7*p(i). Calculate o(-1).
138
Let r(c) = -2*c**3 + 2*c**2 + 3*c - 3. Let s(y) = -y**3 - 15*y**2 + 24*y + 42. Let t be s(-17). Let x = t + -210. Give r(x).
-5
Suppose -q = 9*q - 920. Suppose 22 = -10*l + q. Suppose -26 = -3*h - r, -5*h - l*r = -2*r - 40. Let b(w) = -2*w + 13. Determine b(h).
-5
Let n(b) = -52*b + 206. Let f(t) = -39*t + 137. Let k(s) = -7*f(s) + 5*n(s). What is k(-5)?
6
Let o(w) = 2*w**2 + 19*w - 40. Let q(y) = -y**3 + 15*y**2 + 12*y + 53. Let t be q(16). Calculate o(t).
-7
Let w(v) be the third derivative of v**4/8 + 17*v**3/6 + 2583*v**2. What is w(-19)?
-40
Let y be 128/(-14) - 16/(-14). Let q(b) = b - 6 - 8*b + 6*b - b. Determine q(y).
10
Let l(c) = c**2 - 5*c - 179. Let k be l(16). Let w be 770/88 - k/(-4). Let s(m) = m - 17. Determine s(w).
-9
Let l = -20 - -26. Let u be 120/16*l/9. Suppose 0 = 26*j - 31*j + u. Let i(t) = -t**2. Calculate i(j).
-1
Let r(m) be the second derivative of m**2/2 + 6*m. Let j(n) = -n**2 + n + 9. Let x(l) = j(l) - 4*r(l). Let b(t) = -t**2 + 8*t - 7. Let h be b(7). What is x(h)?
5
Let w = 146 - 143. Let f(s) = 2*s - w + 0 - 1 - s. What is f(7)?
3
Let a(h) = h**2 - 8*h + 9. Let p be a(7). Let n(m) = 15*m**p - 2*m + 1 - m**2 - 8*m**2. What is n(1)?
5
Let p be (-10)/4 + (-7)/(-14). Let t be (p/6)/(1*1/(-9)). Let i(z) = z**2 - 1. Determine i(t).
8
Let s(n) = -n**2 + 11*n - 9. Let f = -492 - -715. Let y = f + -214. What is s(y)?
9
Let j(w) be the first derivative of 8/3*w**3 + 7/2*w**2 + 10*w - 72 - 1/4*w**4. What is j(9)?
-8
Let b(s) = -s**2 - 13*s - 5. Let g be (1 + -3)/(10/(-12) - -1). Let h be 142/g + 21/(-126). Determine b(h).
7
Let z be ((-6)/5)/(0 + (-6)/(-30)). Let t(v) = -3*v**3 + 2*v**3 - 561*v - 6*v**2 + 560*v - 1. Determine t(z).
5
Let u = -102 + 99. Let l(k) be the second derivative of k**5/60 + k**4/8 + k**3/3 - k**2 - 6*k. Let n(j) be the first derivative of l(j). What is n(u)?
2
Let f(k) be the second derivative of k**5/20 + 25*k**4/12 + 4*k**3 - 16*k**2 - 265*k - 4. What is f(-